 t(u) = 6 + 17*u**2 + 21*u**2 - 34*u - 15*u**2 + 10*u + u**3. Let z be t(-24). Give d(z).
9
Let y be 1 + 13/(78/4)*9. Let a(u) = 3*u**2 - 18*u + 4. What is a(y)?
25
Let z(a) = 4*a**2 - 5*a - 14. Let m(d) = -d**2 + 2. Let y(g) = -5*m(g) - z(g). Determine y(-4).
0
Let g(v) be the third derivative of v**6/120 + v**5/20 + v**4/12 + v**3 + 545*v**2. What is g(-3)?
0
Suppose 0 = 5*t - 3*l - 14 - 11, -5*t - 5 = 3*l. Suppose -3*u - t*y + 7 = -47, -u - 4*y = -18. Let o(f) = -5 + 5*f + 38*f**2 - 21*f**2 - u*f**2. Determine o(5).
-5
Let h(r) = r**2 + 19*r - 90. Let q be h(4). Let x(n) be the second derivative of 1/6*n**3 - 5*n + n**q + 0. Give x(5).
7
Let a(o) = -7*o - 1. Let p(d) = -2*d**2 - 2*d + 14. Let x be p(-3). Calculate a(x).
-15
Let w(p) = -19*p - 5. Let d(f) = 54*f + 14. Let v(b) = 6*d(b) + 17*w(b). Give v(-3).
-4
Suppose 0 = 10*p - 1001 + 1101. Let v(c) = -c**3 - 11*c**2 - 9*c + 7. Determine v(p).
-3
Let n(o) be the third derivative of o**4/24 - o**3/6 + o**2. Let j(k) = 6*k. Suppose -1 = -4*f + 5*f. Let l(q) = f*j(q) + 4*n(q). What is l(-4)?
4
Let d = 0 + 1. Let f(x) = 724*x - 1 + 3*x**2 + 2 - 725*x + 0. Give f(d).
3
Let b(v) = -2 + 60383*v**3 - 60380*v**3 - v**2 + 7. Give b(0).
5
Let j(g) = -29*g**3 + 22*g**3 + 1 - 7 + 7. Give j(1).
-6
Let z be (288/54)/(4/6). Let w(a) = 0 - z*a + 8*a - 1 + a. Determine w(-2).
-3
Let i be (3*2/3)/(-1). Let l(g) = -49 + g - 1396*g**2 + 47 + 1399*g**2. Calculate l(i).
8
Let p(f) = f**2 + 6*f - 1. Suppose -2*h - 21*w + 14 = -18*w, 8 = 4*h - 4*w. What is p(h)?
39
Suppose 7*i - 10*i = 3*m, 0 = 2*m - 5*i + 7. Let a(g) = -9*g**3 - g**2 - g. Calculate a(m).
9
Suppose 3 = -2*h - 5. Let i = h - -9. Let q(p) = -p**2 + 9*p - 3. Let g(w) = w**2 - 8*w + 3. Let j(l) = i*q(l) + 6*g(l). What is j(3)?
3
Let g = 154 - 137. Let h(p) = 4*p - 7 - 31*p**2 + 13*p**2 + g*p**2. What is h(5)?
-12
Suppose -4*m + 0*b + b + 37 = 0, 0 = m - 3*b - 23. Let j = -2 + m. Let t(u) = -u**2 + 7*u + 5. Determine t(j).
11
Let a(i) = -6*i**2 - i - 1. Let x = -105 + 160. Let k = x - 80. Let n be (-7)/5 - 10/k. Give a(n).
-6
Suppose -7 = -3*r - 2*r - 3*c, 4*c = 5*r - 14. Let t(s) = -4 + 20*s - 3 + r - 19*s. Let v(j) = j - 4. Let d be v(4). Determine t(d).
-5
Let w(r) = r**2 + r + 5. Let v(d) = d - 8. Let m be v(3). Determine w(m).
25
Let v(k) = -k**2 + 12*k + 12. Let q be v(12). Let z be 34/8 + 9/q. Let f(o) be the second derivative of o**3/3 - 2*o**2 - 8*o. Determine f(z).
6
Let o = 100 + -104. Let h(s) = 2*s**3 + 3*s**2 + 3*s - 5. Suppose -4*i + 12 = -0*i. Let x(q) = -q**3 - q**2 - q + 3. Let u(n) = i*h(n) + 5*x(n). Give u(o).
-16
Let a(z) be the third derivative of -z**5/30 - z**4/8 - 24*z**2. Let n(c) = c**2 - c. Let s(u) = -a(u) - n(u). Calculate s(-5).
5
Suppose 20*n - 79 = 21. Let k(c) = -c**3 + 7*c**2 - 6*c + 5. What is k(n)?
25
Suppose 3*w - w = -80. Let p = w - -58. Suppose 8*j - 3*j = 2*q - 19, -p = 3*j + q. Let u(k) = k**3 + 4*k**2 - 7*k - 5. What is u(j)?
5
Let r(z) be the first derivative of z**3/3 - 11*z**2/2 + 2*z - 16. What is r(9)?
-16
Let v be ((1 - -2) + 1)*20/(-8). Let d(w) = -2*w - 15. Calculate d(v).
5
Let o be (-2915)/795 + 2/(-6). Let i(t) = t**3 - 2*t**3 - 3 - 4*t**2 + t + 8. Calculate i(o).
1
Let g(q) = 9*q**2 + q - 1. Let l be (-1*(-9 + 7))/(-1). What is g(l)?
33
Suppose h = -8 + 10. Let s(m) = m**3 - 2*m**2 - 3*m + 2. Let i be s(3). Let c(a) = 3*a**3 - 2*a - i*a**3 + 4*a + h. Give c(-2).
-10
Suppose 5*o = -y + 9, -2*o - 3 = -3*y - 10. Let u(x) = x**3 - x**2 - 2*x + 1. What is u(o)?
1
Let z(k) = -k - 8 + 2 + 11 - 2. Let w(d) = d**3 + 10*d**2 - 10*d + 18. Let y be w(-11). Calculate z(y).
-4
Suppose -27*t = -19*t + 24. Let u(x) = -x**3 - 2*x**2 + 5*x + 2. Determine u(t).
-4
Let v(y) = y**3 + 12*y**2 + 12*y + 10. Let u be v(-11). Let q(s) = 6*s**3 - 2*s**2 - 6*s + 1. Let w(d) = d**3 + d. Let g(j) = -q(j) - 6*w(j). Calculate g(u).
13
Let y be ((-25)/(-10) + -2)*-14. Let w(j) = -j**2 - 5*j + 15. Let z be w(y). Let h(a) = -a + 1. Determine h(z).
0
Suppose 4*r + r = -4*t + 18, -4*t + 10 = r. Let b(s) = t*s + 2 - 2*s + s**3 - 3*s**2. Let f be (((-21)/12)/7)/((-5)/40). Determine b(f).
-2
Let j(q) = -7*q**3 - 2*q - 1. Let a(n) = -3*n + 97. Let w be a(26). Let u(r) = 2*r. Let k be u(9). Let c = k - w. Give j(c).
8
Let c(x) be the second derivative of x**5/20 + 2*x**4/3 + x**3/3 + 3*x**2 - 47*x + 1. Determine c(-8).
-10
Suppose 0*s - 3*s = -5*x + 20, -x + 4 = 0. Let u(f) = -69 + s*f + f**2 + 66 - 6*f. Determine u(6).
-3
Let l = -205 + 200. Let t(f) = -f**2 - 2*f + 2. Determine t(l).
-13
Let x(o) be the third derivative of -o**6/120 + o**5/15 + 7*o**4/24 + 3*o**2. Let q = -17 + 27. Suppose 0 = -3*i - 12, -5 = -5*c + 5*i - q*i. Calculate x(c).
10
Let v(m) = -2*m**2 + 21*m + 3. Let i(g) = -g**2 + 11*g + 1. Let a(s) = 5*i(s) - 3*v(s). Let q be a(8). Let c(w) = w - 3 + 0*w + 8. Give c(q).
1
Let q(b) be the third derivative of b**4/12 - b**3/2 + b**2 - 9*b. Give q(-9).
-21
Let t(r) = -r**2 + 24*r - 41. Let x be t(22). Let n(q) = q**2 + q - 6*q + 1 + x. Determine n(5).
4
Let z(k) be the third derivative of k**6/120 - k**5/12 + k**4/12 + 4*k**3/3 - 293*k**2 + 2*k. What is z(4)?
0
Let x(m) = -8*m - 5. Let l(z) = 95*z + 55. Let v(y) = -3*l(y) - 35*x(y). Determine v(-7).
45
Let h(i) = 7 + 2*i - 8 - 2*i**2 + i**2. Give h(2).
-1
Let p(l) be the third derivative of -1/60*l**5 + 6*l**2 + 1/40*l**6 + 1/6*l**3 + 0 + 0*l - 1/24*l**4. Suppose u + 84 - 85 = 0. Determine p(u).
2
Let k(t) be the third derivative of t**5/60 + t**4/12 - 11*t**3/6 - t**2 - 31. What is k(-5)?
4
Let q be -8 + 4/(8/(-8)*-2). Let x(g) = -g**3 - 7*g**2 - 8*g + 1. What is x(q)?
13
Let q(a) = -4*a - 2*a**2 + a - 3*a**2 + 4*a**2. Give q(-6).
-18
Let m(r) be the first derivative of -r**4/4 + 13*r**3/3 + 5*r - 374. Calculate m(13).
5
Let q(u) = -2*u + u**2 + 39 - 39. Suppose -2 = -6*o + 5*o. Calculate q(o).
0
Let z(b) = 4*b - 26. Let f be z(6). Let v(g) = 8*g + 4. What is v(f)?
-12
Let i(d) = 2*d**2. Let h(q) be the first derivative of q**4/24 + 3*q**3 + 4*q**2 + 2. Let c(a) be the second derivative of h(a). Let g be c(-16). What is i(g)?
8
Let x(v) be the third derivative of 5/6*v**3 + 0*v - 1/24*v**4 + 0 + 1/10*v**5 + 4*v**2 + 1/120*v**6. Give x(-6).
11
Let f be 0 + -2 - 6*(-1)/(-3). Let w(q) = 2*q**2 + 8*q + 10. Let r(p) = -p**2 - 4*p - 5. Let k(b) = f*w(b) - 9*r(b). Calculate k(-4).
5
Suppose -5*s = -5*o, -5*o = -4*s - 0*o - 3. Let v(z) = z. Give v(s).
3
Let w(s) be the third derivative of -s**5/60 + 3*s**4/8 - s**3 - 117*s**2. What is w(6)?
12
Let l(a) = -13*a**2 + 7*a. Let r(u) = -6*u**2 + 3*u. Let t(j) = 2*l(j) - 5*r(j). What is t(2)?
14
Let g(z) = 3*z**3 - 3*z**2 - 4*z. Let w be ((-168)/112)/((-3)/(-2)). Give g(w).
-2
Let v(q) = q**2 + 1. Let f(m) = 7*m**2 - 8*m + 10. Let r(p) = f(p) - 8*v(p). What is r(-8)?
2
Let d(m) be the first derivative of -m**5/60 - m**4/4 + 5*m**3/3 + 7*m**2/2 + 2. Let n(f) be the second derivative of d(f). Calculate n(-8).
-6
Let w(g) = -g**2 + 4. Suppose -1046*l = -1052*l + 24. Determine w(l).
-12
Let z(u) = 3*u - 14. Let f(q) = 3*q - 11. Let d(k) = -3*f(k) + 2*z(k). Determine d(-7).
26
Suppose 5 = -2*s + k - 1, -3*k - 12 = 4*s. Let l(a) = a**2 + 2*a + 4. Determine l(s).
7
Suppose -6*n + 5*n + 78 = 0. Let i(y) = 3*y - 2*y + n - 81. Let l be 0/2*(-3 - -2). Determine i(l).
-3
Suppose 4 + 8 = -h - 4*d, d + 3 = 2*h. Suppose -q + 4*q - 27 = h. Let r(y) = -q*y - y + y. Determine r(1).
-9
Let u(m) = 4 + 3*m - m - 2 - 5*m - m**2. Give u(-3).
2
Let j(g) be the first derivative of -g**4/4 + 7*g**3/3 - 3*g**2/2 - 8*g + 17. Let v = 22 + -16. Calculate j(v).
10
Let n(l) = l + 22. Let m be (-21)/3 + (-39 - -41). Determine n(m).
17
Let l(s) = -4*s + 6*s - 3*s**3 + 19*s**2 - 16*s**2. Let u be l(-1). Let p(x) = -x**2 + 0*x + 5*x - 2*x. Give p(u).
-4
Let i(l) = -2*l**2 + 3*l + 0*l + 1477*l**3 - 1475*l**3 - 2. Give i(2).
12
Let a(m) be the third derivative of m**6/120 + 3*m**5/20 - m**4/12 + m**3/3 - 19*m**2. Determine a(-9).
20
Let y(r) = r**3 - 5*r**2 + 5*r - 8. Let u be y(4). Let b(o) be the first derivative of o**3/3 + 2*o**2 - 7. Calculate b(u).
0
Let h(f) be the second derivative of f**3 - 3*f**2/2 + 56*f - 1. Let j = 24 - 21. Give h(j).
15
Let p(s) = -5*s**2 - 3*s - 1. Let v(m) = -3*m**2 - 4*m - 4. Let k(d) = d**2 - 1. Let x(a) = -4*k(a) + v(a). Let u(t) = 3*